t is the remainder when 10 is divided by p?
2
Suppose -25 = 5*v + 2*p + 128, v - p = -32. Let l = 48 - v. What is the remainder when l is divided by 27?
25
Suppose 4*o + 0*o + 52 = 0. Let k(h) = -h**3 - 14*h**2 - 15*h - 9. What is the remainder when k(o) is divided by 5?
2
Let f(p) = -p**3 + 11*p**2 - 6*p + 4. What is the remainder when f(10) is divided by 12?
8
What is the remainder when 91/2 - (-57)/38 is divided by 12?
11
What is the remainder when 78 is divided by 0 + 4/6 - (-550)/75?
6
Let p = 21 + -8. What is the remainder when p is divided by 5?
3
Let l(s) = s**2 + 6*s - 5. Let i be l(-7). Suppose 3*a + i*a = -2*v + 52, 44 = 2*a - 5*v. Calculate the remainder when 23 is divided by a.
11
Let d = 13 - 9. Suppose d*m + 3*i + 5 = 0, -m - 3*i - 4 = 4*m. What is the remainder when m is divided by 1?
0
Suppose -21 - 27 = -3*u. Suppose -4*a = -4*z - u, 0*z = -4*a + z + 16. What is the remainder when 11 is divided by a?
3
Calculate the remainder when 54 is divided by 110/8 + -3 + 91/28.
12
Let v(k) = k. Let l be v(-2). Let r = -18 + 29. Calculate the remainder when 2/1 + l + 31 is divided by r.
9
Let c(j) = 3*j**2 - 5*j + 2. Let a be c(4). Suppose 7*w - 2*w - a = 0. Calculate the remainder when 10 is divided by w.
4
Suppose 5*x + 3*r = 118 + 81, 2*r + 108 = 3*x. What is the remainder when 140 is divided by x?
26
Suppose -26 = -5*c - 3*n, 41 = 5*c + 5*n - 7*n. Suppose l = -l + 10. What is the remainder when c is divided by l?
2
Suppose -a + 5 = 3. Let w = -6 + a. What is the remainder when 38 is divided by (-2)/(-8) - 79/w?
18
Let s be (-2)/((-29)/(-31) + -1). Suppose -r = -s + 3. Suppose 0*g + 2*g = 20. What is the remainder when r is divided by g?
8
Suppose -3*u = -2*r + 169, 0*r - 4*r + 53 = -u. Let m = u - -116. Calculate the remainder when m is divided by 20.
19
Let a = 2 - -1. Suppose 2*d - 25 = -a*d. Let v(f) = -f**2 + 9*f - 5. What is the remainder when 44 is divided by v(d)?
14
Suppose 0 = -4*l + 3*d + 190 + 46, -188 = -3*l + 5*d. Calculate the remainder when ((-3)/4)/((-2)/l) is divided by 12.
9
Suppose -5*x + 0 = 5, 4*z + 4*x = 128. Let y(j) = -j**3 - 4*j**2 + j - 8. What is the remainder when z is divided by y(-5)?
9
Suppose 6 = -2*x, 4*s + x - 37 = -0*x. Calculate the remainder when 12 is divided by s.
2
Let j = 69 + -9. What is the remainder when j is divided by 21?
18
Let v be ((-2)/(-2))/(-1)*-1. Let h = v + 5. Suppose -2*m + 12 = -20. What is the remainder when m is divided by h?
4
Suppose 0 = -2*y + 5*t + 17, 26 = 4*y + 5*t - 23. Suppose y*v - 60 = 6*v. Calculate the remainder when 34 is divided by v.
10
Let u = 62 + -60. What is the remainder when 12 is divided by u?
0
Let a(v) = -v**3 + 13*v**2 - 28*v + 2. Calculate the remainder when a(9) is divided by 26.
22
Let q(s) = 3*s - 1. Let w be (0/11)/(-2 - 0). Suppose -4*n + 10 - 2 = w. What is the remainder when 17 is divided by q(n)?
2
Let m(d) = -d - 1. Let p be m(-4). Suppose -6 = -5*h + p*h. Suppose 2*l = l + h. Calculate the remainder when 4 is divided by l.
1
Let i = 228 - 103. Calculate the remainder when i is divided by 32.
29
Let s be (4/(-5))/(12/150). What is the remainder when (-2)/s + (-864)/(-30) is divided by 10?
9
Suppose 4*y = -5*i - 21, -y - 5*i + 21 = -9*i. Let k = 4 - 2. What is the remainder when k is divided by y?
0
Suppose 5*t - 5*r = 60, -2*t - 4*r + 17 = r. Calculate the remainder when 31 is divided by t.
9
Let y be (-2)/(-1)*84/(-8). Let g = y + 27. Calculate the remainder when g is divided by 3.
0
Suppose 1 + 1 = c - 2*q, 0 = 5*c + 3*q - 49. Let j = 14 - -19. Let h = j - 18. What is the remainder when h is divided by c?
7
Let b be (1 + -2)/1 - -5. Let w = 3 + 0. Suppose b*p - 21 = w. Calculate the remainder when 11 is divided by p.
5
Let k be 2/6 + (-7)/21. Calculate the remainder when 40 is divided by 4 + (k - 1) + 18.
19
Suppose -x + 3*x - 24 = 0. Suppose -29 = 2*o - 75. What is the remainder when o is divided by x?
11
Let v(y) = -2*y + 29. Calculate the remainder when v(8) is divided by 8.
5
What is the remainder when 21 is divided by ((-4)/3)/(8/(-72))?
9
Let a = 19 - 16. What is the remainder when 4 is divided by a?
1
Suppose x + 11 = 2*x. Suppose -3*g = -g - 108. Calculate the remainder when g is divided by x.
10
Let s = 138 + -74. Suppose s = c + c. Calculate the remainder when c is divided by 17.
15
Suppose 0 = 3*h - 17 - 22. Let j = 11 + h. Calculate the remainder when j is divided by (-3 - -4)*(-13)/(-1).
11
Let q(z) = z + 1. Let s be q(4). Suppose -5*r + 23 = -0*j - 2*j, s*r + 2*j = 27. What is the remainder when r is divided by (27/(-36))/(1/(-4)*1)?
2
Suppose 3 = f - 0*f. Let t(l) = 7*l**2 - 3*l - 2. Calculate the remainder when t(-1) is divided by f.
2
Suppose -2*b = -24 - 10. Suppose -k + 0*k - 4*q + 13 = 0, 33 = 4*k - 3*q. Calculate the remainder when b is divided by k.
8
Suppose 4*a - 28 = 24. What is the remainder when 36 is divided by a?
10
Let z(p) = p**3 - 3*p**2 + 3*p + 6. Calculate the remainder when 134 is divided by z(4).
32
Let v(l) = l + 7. Let z be v(-5). Let g be 4/z - (-2 - -2). Suppose g*t - 3*t + 11 = 0. What is the remainder when 20 is divided by t?
9
Suppose 2 + 5 = -b. Let s = b + 8. Calculate the remainder when 1 is divided by s.
0
Let n = 12 - 2. Suppose -r + 5 = -n. What is the remainder when 27 is divided by r?
12
Suppose 2*m = 0, -3*m - 4 = -2*b + 2. Let f = 7 - 3. Calculate the remainder when f is divided by b.
1
Suppose -4*m - 11 = -35. Let t(d) = d**2 + 2*d + 4. What is the remainder when 98/3 + 2/m is divided by t(-4)?
9
Suppose 0 - 3 = -k. Suppose k*j - 42 = 2*x, -6*j = -2*j + 4*x - 76. Calculate the remainder when 29 is divided by j.
13
Let p = -3 - -16. Suppose 2*q - p = -1. Calculate the remainder when 1*-17*-1 - 1 is divided by q.
4
Let u(q) = q**3 - 7*q**2 + 2*q - 5. What is the remainder when 15 is divided by u(7)?
6
Let d(a) = a**3 - 9*a**2 - a + 11. Let z be d(9). Suppose -3*g = z*t - 58, -g + 44 = 2*t - 5*g. Calculate the remainder when t is divided by 9.
8
Suppose 5*p = -2*q + 72, -5*q = -5*p - 0*p + 65. What is the remainder when p is divided by (-1 - 1) + (-40)/(-4)?
6
Let u = -1 - -13. What is the remainder when u is divided by 7?
5
Suppose -2*p = -6, 5*x + 3*p - 52 = 4*p. Suppose 2*i = 3*g + 101, -4*i + 2*g + 96 = -2*i. What is the remainder when i is divided by x?
10
Suppose 5*a - 35 = 15. Let w be (-30)/(-4)*(-9 - -3). What is the remainder when 45 is divided by 8/(-3)*w/a?
9
Let q = -8 - -19. What is the remainder when 21 is divided by q?
10
Suppose -3*h + 61 = 4. Calculate the remainder when 655/9 - 6/(-27) is divided by h.
16
Suppose 0 = z - h - h, -3*h + 9 = 0. Let g = 13 - 3. Calculate the remainder when 0 + 3 + z + 20 is divided by g.
9
Suppose 0*t - 157 = -2*t - 3*y, 0 = 4*t + 4*y - 308. Calculate the remainder when t is divided by 27.
20
Calculate the remainder when 51 is divided by -1 + 1/((-1)/(-14)).
12
Let m(c) = c + 10. What is the remainder when m(7) is divided by 8?
1
Let v(u) be the first derivative of -u**4/4 + 8*u**3/3 + 4*u**2 + 11*u + 4. Let o = 1 - -1. What is the remainder when o is divided by v(9)?
0
Let a(t) = -3*t + 58. What is the remainder when 84 is divided by a(12)?
18
Let j(l) be the third derivative of -l**6/120 + l**5/10 + 7*l**4/24 + l**3/2 - l**2. Calculate the remainder when 8 is divided by j(7).
2
Suppose 7*j + 94 = 234. Calculate the remainder when 96 is divided by j.
16
Let l = 14 - 17. Let q = 30 - 5. What is the remainder when q is divided by l*(-2 + 1 + -2)?
7
Let z(w) = 31*w**2 - 1. Let d be z(1). Let o(s) = -s + 13. Let v be o(9). Suppose -v*b + 34 = -d. What is the remainder when 61 is divided by b?
13
Suppose 22 = c + 2*c - r, 0 = -3*c + 4*r + 34. Calculate the remainder when 11 is divided by c.
5
Suppose 0 = -2*w + 2*n + 2*n + 118, 59 = w - 3*n. What is the remainder when w is divided by 16?
11
Suppose -10*t = -17*t + 875. Calculate the remainder when t is divided by 42.
41
Let f = -7 + 49. Suppose 0 = 4*h - h - f. Calculate the remainder when 40 is divided by h.
12
Calculate the remainder when 33 is divided by 4/(-10) - 957/(-55).
16
Suppose -h = l + 17, l + 2*h = -0*h - 21. Let p = 15 + l. What is the remainder when 4 is divided by p?
0
Let f = 33 + -13. Let z = -11 - f. Let t = z - -51. What is the remainder when t is divided by 7?
6
Let g(k